remainder when b is divided by d.
18
Let m be (1 + 2)/(-3) + 11. Let i be (-94)/(-10) - m/25. Suppose -4*y + r + i = 0, -y - r = -3*y + 5. What is the remainder when 5 is divided by y?
1
Let c(b) = -b**3 + b**2 - b + 3. Let n be (0*(-4)/12)/(-2). Let w = 12 + -7. Calculate the remainder when w is divided by c(n).
2
Suppose -5*p + 380 - 70 = 0. Calculate the remainder when p is divided by 16.
14
Let w be 3/(0 - 3/(-4)). Suppose 62 = 3*n + 4*g, w*n + 0*n - 74 = -g. Let y = 215 - 181. Calculate the remainder when y is divided by n.
16
Let c be (-28)/(-8)*8/14. Let p = 22 - c. What is the remainder when (-1 + 2)/((-2)/(-116)) is divided by p?
18
Suppose 3 = 3*j - 6. Suppose j*h - h - 12 = 0. Calculate the remainder when 23 is divided by h.
5
Let h(r) = r**3 + 5*r**2 + 4*r + 2. Calculate the remainder when 7 is divided by h(-4).
1
Let o = -18 - -32. Let w = -26 + 30. Calculate the remainder when o is divided by w.
2
Let z = -28 + 43. Let f = 104 + -75. Calculate the remainder when f is divided by z.
14
Suppose -5*w = -2*a + 4, 1 = a + w - 3*w. Let v = 2 - a. Suppose 143 = v*x + 2*c, -x + 0*x - 3*c = -26. Calculate the remainder when x is divided by 10.
9
Let x(m) = -m**3 + 6*m**2 + 6*m + 6. Calculate the remainder when x(5) is divided by 16.
13
Let t = -15 + 22. Calculate the remainder when 20 is divided by t.
6
Calculate the remainder when 1 - (-26)/1 - 2 is divided by 7.
4
Let i = 22 + -42. What is the remainder when -1 + (3 - i) + 1 is divided by 6?
5
Suppose -b + 4*b = 78. What is the remainder when 75 is divided by b?
23
Let j be (-4)/18 + 25/(-9). Let d be j/(-9)*18/2. Suppose u - d*u = -16. Calculate the remainder when 15 is divided by u.
7
Let y be (-1)/(38/(-13) + 3). What is the remainder when 12 is divided by y/(-2) + 4/8?
5
Calculate the remainder when 130 is divided by 1947/(-118)*(0/(-1) + -2).
31
Suppose 0 = -6*u + 18 + 6. Calculate the remainder when 9 is divided by u.
1
Let o(z) = z**3 + 6*z**2 + z - 5. What is the remainder when 44 is divided by o(-5)?
14
What is the remainder when 48/14 - 30/70 is divided by 3?
0
Suppose c - 69 = -5*z, 0*c + z - 61 = -c. What is the remainder when c is divided by 15?
14
Let x(p) = p**2 - 19*p + 6. Let f be x(8). Let d = -20 - f. Calculate the remainder when d is divided by 21.
20
Suppose -2 = -x + 2*x, t - 2*x = 6. Suppose -3*f + n + 37 = -42, 3*n = t*f - 55. What is the remainder when 75 is divided by f?
23
Suppose 7*h - 9 - 89 = 0. Calculate the remainder when 40 is divided by h.
12
Let u(t) = -30*t**3 + t**2 + t. Suppose 0 = -0*q + 3*q - 33. Calculate the remainder when u(-1) is divided by q.
8
Suppose -8 = 3*o + 4. Let c be (-1)/((-2)/o) - -6. Suppose m + 4*k = 24, 0 = c*m + 2*k - 19 - 7. Calculate the remainder when 10 is divided by m.
2
Suppose -23 = -3*b + 4. Suppose 0 = 3*h + 3 - b. Let s(q) = 20*q - 2. Calculate the remainder when s(h) is divided by 13.
12
Let i = 23 - 7. Calculate the remainder when 27 is divided by i.
11
Let q = 173 + -81. Calculate the remainder when q is divided by 19.
16
Let b(y) = y**2 + 4*y - 2. Let z be b(-5). What is the remainder when 41 is divided by (3/z)/(1/11)?
8
Let t(g) = 3*g - 2. Let c be t(8). Let o = -12 + c. Let q(r) = -r**2 + 8*r + 3. Calculate the remainder when q(5) is divided by o.
8
Let d be (-209)/(-4) - (-3)/(-12). Suppose -k = k - d. Suppose 3*g + g - 36 = 0. Calculate the remainder when k is divided by g.
8
Suppose -4*a + 3*n + 92 = 0, -5*a - n + 146 = 3*n. What is the remainder when a is divided by 8 + 3 - (0 + 2)?
8
Suppose -4*s + 1 = -2*i + 3, 5*i + 13 = 4*s. Let p = -16 + 28. What is the remainder when ((-22)/s)/((-1)/(-3)) is divided by p?
10
Suppose -4*a + 2*y = -138, 0 = 3*a - y + 27 - 131. Calculate the remainder when a is divided by 12.
11
Suppose 5*v - 105 = -15. Let x(y) = -y**3 + y**2 + 53. Calculate the remainder when x(0) is divided by v.
17
Let c be 3 + -4 + 2 + 1. Let b be (0*(-1)/c)/(-1). Suppose b = 3*l + 2*l - 260. What is the remainder when l is divided by 18?
16
Suppose -i = 2*i - 48. What is the remainder when (-1485)/(-22)*(-2 - 16/(-6)) is divided by i?
13
Suppose 0 = 2*o - 3*c - 43, -5*o + c + 0*c + 114 = 0. Calculate the remainder when o is divided by 13.
10
Let j be ((-4)/(-8))/(1/8). Let m = 3 + j. Calculate the remainder when 20 is divided by m.
6
Let d = -53 + 74. Let b(s) = -s**3 + 5*s**2 + s + 6. What is the remainder when d is divided by b(5)?
10
Suppose 2*v + 36 - 8 = 3*j, 2*v + 22 = 2*j. Suppose 4*a - 61 = u - 20, -3*a - 4*u + 26 = 0. What is the remainder when a is divided by j?
4
Let m(d) = -d**2 + 12*d - 16. What is the remainder when 1 + (-1)/((-1)/19) is divided by m(9)?
9
What is the remainder when 53 is divided by 30 + 0 + (-2)/1?
25
Let o be (12/10)/(2/(-5)). Let j(f) = -4*f - 3. What is the remainder when 35 is divided by j(o)?
8
Suppose -m - 20 = -2*m. Let c = -12 - -2. Calculate the remainder when ((-4)/c)/((-2)/(-290)) is divided by m.
18
Calculate the remainder when 229 is divided by ((-12)/24 + (1 - 0))*46.
22
Let f = -17 + 22. What is the remainder when 8 is divided by f?
3
Let w = -6 + 14. Let z be (-1)/3 + (-196)/(-12). Let h = z - w. What is the remainder when h is divided by 3?
2
Let u = -3 - -5. Suppose 3*h - u = h. Suppose -4*m + 6 = 2. What is the remainder when m is divided by h?
0
Let u(h) = -h**3 + 11*h**2 - h + 17. Let n(a) = 22*a**2. Calculate the remainder when u(10) is divided by n(-1).
19
Let p = 4 - -1. Suppose 0*j - p*j + 16 = i, 0 = 3*j. Suppose 0 = 2*r + n - 14, -2 = -2*r + 5*n. What is the remainder when i is divided by r?
4
Let q = 9 + -2. Let v be (-5 - -4) + -2 - -13. Suppose 14*d = v*d + 8. What is the remainder when q is divided by d?
1
Let n(f) = -4*f**3 - 2*f**2 - 2*f - 2. Let b(u) = 2*u + 9. What is the remainder when b(33) is divided by n(-2)?
23
Let p(n) = n**2 + 9*n + 4. Let u be p(-9). Suppose -u*w = -2*w + 4. Calculate the remainder when 20 is divided by (-88)/20*5/w.
9
Let c be (-2)/(-3) + 364/21. Let x = 77 + -31. Calculate the remainder when x is divided by c/(-4)*(-8)/3.
10
Suppose -4*b = 2*o - 78, 3*b - 2*b = -2*o + 24. What is the remainder when 51 is divided by b?
15
Calculate the remainder when (2/4)/((-17)/(-782)) is divided by 12.
11
Suppose k = 4*h + 34, -3*k + k + 56 = -5*h. Calculate the remainder when (-3)/12 + (-282)/(-8) is divided by k.
17
Suppose a - 44 = 3*c, -6*c = -4*a - c + 141. Suppose -4*p + r = -223, -5*p + 4*r - 79 + 344 = 0. What is the remainder when p is divided by a?
28
Let b(y) = 3*y**2 + 4*y + 2. Let g(u) = 2*u + 12. Let n be g(-8). Calculate the remainder when b(n) is divided by 18.
16
What is the remainder when ((-19)/(-2) - 1)*2 is divided by (-20)/6*30/20*-1?
2
Calculate the remainder when 29 is divided by ((0 + 25)/5)/(2/4).
9
Suppose 4 = -5*v + 3*v. Let y = 19 + v. Calculate the remainder when 67 is divided by y.
16
Let j = 4 + 2. Let i be (6/1)/(2/1). Suppose -3*p + 7 = 2*a + i*a, -3*a - 3 = 0. What is the remainder when j is divided by p?
2
Suppose 2*d = -5 + 1. Let k = 1 - d. Suppose 0 = -2*x - 2*x + k*q + 53, 4*x + 4*q = 88. Calculate the remainder when 49 is divided by x.
15
Suppose 0 = 3*a - 16 + 1. Suppose 0 = -q - a*j - 9, -2*q - j - 18 = -0*q. What is the remainder when 8 is divided by (0 + 1)/(q/(-27))?
2
Suppose 5*p - 15 = -m - 2*m, -3*p - m = -9. Calculate the remainder when 10 is divided by p.
1
Calculate the remainder when 42 is divided by (2 - (-32)/(-20))*55.
20
Let b(q) = q**2. Let h = -3 + 6. Suppose 5*c + 29 = c + h*s, 9 = 3*s. What is the remainder when b(c) is divided by 9?
7
Suppose -13*k + 6*k = -175. What is the remainder when k is divided by 15?
10
Let b = -3 - -6. Suppose 0 = -6*c + c - b*u + 19, -2*u = 4*c - 16. Calculate the remainder when 12 is divided by (-7 + 0)/(c - 6).
5
Suppose -12*q + 25 = -17*q. Let o = 7 + q. Suppose -5*v + 40 = 3*l, -v = -4*l - 0 + 15. What is the remainder when v is divided by o?
1
Let o be (-194)/(-7) - (-4)/14. Suppose -o = t - 3*t. What is the remainder when t is divided by 8?
6
What is the remainder when 66 is divided by (-10 + 9)*(-1*15 + -2)?
15
Let i(o) = o**3 - 1 + 6*o**2 - 2*o + 2*o - 4*o. Let r be i(-6). Let l = 20 + r. Calculate the remainder when l is divided by 15.
13
Suppose 8 + 26 = 2*p. Calculate the remainder when 167 is divided by p.
14
Let f = 5